t - 16. List the prime factors of k(2).
2, 5, 83
Let d(v) = v**2 - 5. Let c = -80 + 86. What are the prime factors of d(c)?
31
Suppose m = -4*f + 9*f - 1887, -3*f = 5*m - 1121. List the prime factors of f.
13, 29
Let j(w) = -w. Let t(y) = -6*y + 15. Let r(u) = -5*j(u) + t(u). Let a be r(0). What are the prime factors of (-144)/(-5) + 3/a?
29
Suppose 2*b = -7 + 17. Suppose -b*r + 3*k = -28, 9 + 9 = 3*r - 3*k. What are the prime factors of r?
5
Let a = -345 + 658. List the prime factors of a.
313
Suppose 5*d + 2*f + 248 = 0, 3*d - f + 124 = 4*f. List the prime factors of (1 - 11/5)/(d/4640).
2, 29
Suppose i - 4*r - 8 = -1, 2*r = 4*i. Let j be -5 - -7 - (i + -1). Suppose 0 = j*s + 5 - 21. What are the prime factors of s?
2
Suppose -2*m = -7*m + 45. Let d be 2/(-9) + (-70)/m. What are the prime factors of d/(-14) + (-168)/(-49)?
2
Let n = 2409 + -471. What are the prime factors of n?
2, 3, 17, 19
Let m be 1/5 + 32/(-10). Let o = 3 - m. What are the prime factors of o?
2, 3
Let p = -2653 - -4695. What are the prime factors of p?
2, 1021
Let v = -10 + 7. What are the prime factors of (-9 + 2 - v)*-10?
2, 5
Suppose 0*m = 6*m. Suppose z - 2*z + 21 = m. What are the prime factors of z?
3, 7
Suppose 2*a + 3*h + 6 = 0, -5*a - h + 11 = -0*h. List the prime factors of (-3)/(a/10)*(-39)/2.
3, 5, 13
Let h(c) = c**2 + 15*c - 9. Let p be h(-13). Let m = p - -25. List the prime factors of ((-6)/(-4))/(m/(-60)).
3
Suppose -r + 164 = r. Suppose p + 43 + 50 = 5*q, 4*q - r = -3*p. Suppose 5*d - 71 = q. List the prime factors of d.
2, 3
Suppose 3*a + 8*a - 77 = 0. Suppose -1788 - 53 = -a*r. What are the prime factors of r?
263
Let w(a) = -a**2 + 21. Let o be w(5). List the prime factors of (o/8 - (-246)/4) + 3.
2
Suppose -2*k + 3*k + 5*c - 202 = 0, 2*k - 5*c - 359 = 0. Suppose -2*m + k = -87. What are the prime factors of m?
137
Suppose 0 = m + 3*m - 4. Let h(t) = -2*t**3 - 2*t**2 - 6*t - 3. Let c(z) = z**3 + z**2 + z - 1. Let s(u) = m*c(u) + h(u). What are the prime factors of s(-3)?
29
Suppose -3*s = -3*y + 12, 0*y = -4*y - 2*s + 40. Let p(x) = 4*x + 15 + 0*x + 2*x - 7*x. List the prime factors of p(y).
7
Suppose 904 = 5*l + f, l - 2*f + 908 = 6*l. What are the prime factors of l?
2, 3, 5
Suppose m + 3*s = 6, -4*m + 3*m - 4*s + 3 = 0. Suppose 0*k - m*k = -2040. What are the prime factors of k?
2, 17
Let y(t) = t**2 - 7*t - 4. Suppose 0 = -4*k + 3*k + 8. Let p be y(k). Suppose x + r - 10 = 0, p*x - 5*r - 98 = -22. List the prime factors of x.
2, 7
What are the prime factors of ((-6048)/(-35))/((-30)/(-200))?
2, 3
What are the prime factors of -6 - 84745/(-30) - 2/(-12)?
2819
Let f be (747/(-18))/(2/(-4)). Suppose -u + f = u + 3*v, 5*v - 52 = -u. Suppose 0 = i - 5*n - 61, 0*i = i + n - u. List the prime factors of i.
41
Suppose -2*f + 6*f - 24 = 4*d, -4*f + 27 = -3*d. Let c(z) = -z**2 + 17*z + 8. List the prime factors of c(f).
2, 5
Let w be (-13)/39*(1 - 1). Suppose w = 4*a + 19 + 25. Let r(n) = -2*n + 12. List the prime factors of r(a).
2, 17
Suppose 4*y - 39 = -3. Suppose -y = -k + n + 6, 4 = 2*n. What are the prime factors of k?
17
Let x(p) = -29*p. Let m be x(-5). Suppose -12 = n - m. List the prime factors of n.
7, 19
Let c = 224 - 100. Suppose -3*v - 455 = -5*f, 0 = f + f - 4*v - 196. Let l = c - f. List the prime factors of l.
2, 3
Let i(t) = 2*t**3 - 2*t**2 - 4*t + 5. Let y be i(2). Suppose 0 = p + 5*o - 120, 506 = 4*p + y*o + 26. What are the prime factors of p?
2, 3, 5
What are the prime factors of (1125/20 + 4)*4?
241
What are the prime factors of (-24)/9*6/(-2)*22?
2, 11
Suppose -3*d - 4*p - 24 = -2*p, 6 = -2*p. Let q be (72/16)/(d/(-8)). Suppose -3*c + q*c = 6, 0 = 5*r - 5*c. List the prime factors of r.
2
Suppose 0 = -u + w - 2, 3*u - 18 = -3*w. Suppose u*h = -0*h. Suppose -i = -3*y + 48, 4*y + h*i = 3*i + 59. What are the prime factors of y?
17
Suppose 5*k = -3*x - 48 - 36, 4*x - 62 = 3*k. Let g be (k/36)/(2/(-12)). Suppose -g*i = -1 - 35. What are the prime factors of i?
2, 3
Suppose -12 = 5*p - 4*n, 15 = -2*p - p + 5*n. Suppose 0 = 5*d + 4*m - 253, -2*m + 6*m + 12 = p. What are the prime factors of d?
53
Suppose 1756 = -28*d + 9680. List the prime factors of d.
283
Let b(m) be the second derivative of 16*m**4/3 - m**3/6 + 14*m. List the prime factors of b(-1).
5, 13
Let v(l) = 3*l**2 + 77*l + 19. Let i be v(-26). Suppose -3*w - 6 = 0, 0 = -4*y + 5*w - 151 + 509. Let f = y - i. What are the prime factors of f?
2, 3, 7
Suppose 0*t - 7 = g + 3*t, 10 = -g - 4*t. List the prime factors of (-288)/(-27) + g/(-3).
2, 5
Suppose -4*r - 4*h - 240 = -28, 5*h = -2*r - 112. Let v = r + 90. What are the prime factors of v?
3, 13
Suppose j + 115 = -4*j. Let x = -43 + j. Let f = -33 - x. List the prime factors of f.
3, 11
Let a = 3 + 11. Suppose -2*u + 5*u = 4*z + 25, 5*u - 27 = 3*z. Suppose u*k = a - 2. What are the prime factors of k?
2
Let r(l) = 167*l**2 - 6*l + 3. What are the prime factors of r(1)?
2, 41
Let s(p) = p**2 + 77*p + 25. What are the prime factors of s(-82)?
3, 5, 29
What are the prime factors of (-1 + 1 - 1)*310794/(-66)?
17, 277
Suppose -2*g + 5 = 5*j, g - 3 = 5*j - 7*j. Suppose v - 99 = g*c, -4*v + 2*c - c = -358. List the prime factors of v.
89
List the prime factors of (1 - 0) + 509/1.
2, 3, 5, 17
Suppose 0*q = -3*q + 135. Let o = -5 - q. Let h = o - -87. List the prime factors of h.
37
Suppose 24*d = 26*d - 1374. List the prime factors of d.
3, 229
Suppose -5*z = -24 + 4. Suppose z*j - 45 = 3. Suppose -105 = 7*o - j*o. What are the prime factors of o?
3, 7
Suppose 4*a = c - 1447, -4*c + 379 = -3*a - 5396. List the prime factors of c.
3, 13, 37
Let p(g) = 2*g**2 - g + 5. Let h be p(0). Suppose -h*c + 200 = -4*r - 20, 0 = 4*c - r - 165. What are the prime factors of c?
2, 5
Let n(u) = 87*u**3 + u**2 - 14*u + 11. What are the prime factors of n(4)?
29, 191
Let r be (42/(-3))/(6/(-99)). Suppose 4*b = 221 + r. What are the prime factors of b?
113
Let b be -4*2*(-2)/8. Let w(m) = -2*m + 0 + 2*m - m - b. List the prime factors of w(-9).
7
Suppose 81 = -6*j + 321. Suppose q - 63 = j. What are the prime factors of q?
103
Let t = 61 + -3. Let u = 225 - t. What are the prime factors of u?
167
Let f(t) = t**2 + t - 1. Let a be (-27)/(-12) + (-15)/(-20). List the prime factors of f(a).
11
Let k(z) = 99*z**2 - 482*z - 6. What are the prime factors of k(9)?
3, 5, 7
Let u = 5 + -3. Let r be 0/(u - (-4)/(-1)). Let p = r + 6. List the prime factors of p.
2, 3
Let a(k) = -3*k**2 + 2. Let v be a(-2). What are the prime factors of -8*65/v - -1?
53
Suppose 0 = q + 6 - 1. Let o = q - -8. What are the prime factors of (1 + -47)*(o + -4)?
2, 23
Suppose 4*y = -2*l - 12, 5*l + 3*y + 54 = -y. Let d = l + 23. Let v = 14 - d. What are the prime factors of v?
5
Let s = -674 + 1301. List the prime factors of s.
3, 11, 19
Suppose -28*o + 0*o + 98000 = 0. List the prime factors of o.
2, 5, 7
Let t(p) = -9*p**3 + p. Let q be t(-1). Let x(g) = 8*g**3 - 5*g + 11*g - q*g. What are the prime factors of x(2)?
2, 3, 5
Let o = 2581 - 453. List the prime factors of o.
2, 7, 19
Let u be ((-6)/4)/(15/(-50)). Suppose -4*l + 22 = u*q, 4*q + 0*q - 16 = -3*l. Suppose 0*z = 4*z - l. What are the prime factors of z?
2
Let j be 3/2*1586/39. Suppose 5*o + 2*v - 110 = 42, -j = -2*o - v. List the prime factors of o.
2, 3, 5
Suppose -162 - 6 = 2*h. Let c = h + 148. List the prime factors of c.
2
Suppose -3*l = 4*a - 1957, 5*a + 5*l - 1236 - 1204 = 0. List the prime factors of a.
17, 29
Let f(p) = p**2 + 7*p + 5. Let v be f(-7). Suppose v*b + 8 - 58 = -c, -4*c - 5*b = -185. Suppose -4*y + 47 = -c. List the prime factors of y.
23
Let c = 19 - 2. Suppose 6*z - 389 = -c. What are the prime factors of z?
2, 31
Let l = -6 + 11. Let j(u) = 3*u + 5 - 3*u + u**2 + 3*u - l*u. What are the prime factors of j(0)?
5
Let u(o) be the first derivative of o**4/4 - 5*o**3/3 - 9*o**2/2 + 23*o - 28. List the prime factors of u(8).
11, 13
Suppose 9*q = 460 + 710. List the prime factors of q.
2, 5, 13
Let n(u) = u + 10. Let r be n(-7). Suppose -r*b + 0*b = -456. List the prime factors of b.
2, 19
Let i be ((-9)/(-1))/(((-45)/(-10))/3). Suppose 5*t - 2 = 8. List the prime factors of t/((-18)/(-33))*i.
2, 11
Let w be -3 + 5 + (0 - -244). Suppose 0*r - w = -6*r. List the prime factors of r.
41
Suppose 48*p - 86042 =